= 2*v + 21. Give y(-8).
5
Let q(y) = y**3 + y**2 + 2*y + 8. Calculate q(0).
8
Let m(w) = w + 4. Determine m(14).
18
Let j(u) = 2*u**3 - 5*u**2 - 9*u - 3. Determine j(5).
77
Let o(i) = -i**3 - 5*i**2 + 15*i + 18. Determine o(-7).
11
Let o(u) = -u**3 + 5*u**2 - 5*u + 1. Give o(5).
-24
Let y(h) = -h**3 + 3*h**2 - 5*h - 35. Calculate y(0).
-35
Let x(y) = y**2 - 26. What is x(4)?
-10
Let y(k) = -k**3 + 10*k**2 + 2*k - 6. Determine y(10).
14
Let g(m) = -m**3 - 11*m**2 + 16*m + 16. Give g(-12).
-32
Let n(d) = 9*d**2 + d - 1. Determine n(1).
9
Let u(r) = r**3 - 2*r**2 - 5*r - 5. What is u(-3)?
-35
Let j(i) = -i**3 - 8*i**2 - 11*i - 4. Determine j(-6).
-10
Let t(c) = 4*c**2 - 5*c - 9. Determine t(5).
66
Let x(l) = -87*l - 1. Give x(1).
-88
Let m(n) = n**3 + 8*n**2 + 3*n - 5. What is m(-5)?
55
Let k(b) = b**3 - 5*b**2 - 4*b - 4. Determine k(6).
8
Let x(n) = n**2 - 35*n + 72. Calculate x(33).
6
Let h(d) = -d**3 - 10*d**2 + 10*d - 2. Give h(-11).
9
Let d(y) = 4*y + 9. Calculate d(-6).
-15
Let o(u) = 66*u - 658. What is o(10)?
2
Let f(t) = 12*t**2 - t + 1. Calculate f(2).
47
Let i(v) = -53*v - 749. Determine i(-14).
-7
Let b(u) = u**2 + 23*u + 186. Determine b(-15).
66
Let i(x) = -x**2 + 23*x - 67. What is i(19)?
9
Let j(y) = 11*y + 134. Give j(-12).
2
Let b(a) = a**3 + 12*a**2 - 7*a. Calculate b(-12).
84
Let f(c) = -2*c**3 + 2*c**2 + 5*c + 2. Calculate f(-1).
1
Let m(t) = t**3 - 9*t**2 + 2*t - 9. Give m(9).
9
Let q(s) = s**2 + 4*s - 14. What is q(-9)?
31
Let u(n) = -7*n**2 + 2*n - 5. What is u(0)?
-5
Let h(n) = 40*n - 189. Determine h(5).
11
Let k(w) = -38*w + 121. Calculate k(3).
7
Let g(k) = k**3 - 6*k**2 + k - 3. Determine g(6).
3
Let o(f) = -29*f + 3. What is o(1)?
-26
Let j(v) = -2*v**2 + 95*v - 52. What is j(47)?
-5
Let d(g) = g**3 + 17*g**2 - 15*g + 18. Give d(-18).
-36
Let m(n) = -n**3 - n**2 + 2*n + 2. Calculate m(0).
2
Let h(n) = n**2 - 8*n - 10. Give h(13).
55
Let k(h) = h**3 + 20*h**2 - 21*h - 13. Give k(-21).
-13
Let u(h) = -h**3 - 2*h**2 + h - 3. Give u(0).
-3
Let i(h) = -88*h**2 - 2*h - 3. Give i(-1).
-89
Let v(h) = -15*h - 40. Give v(-4).
20
Let h(i) = -4*i + 4. Determine h(6).
-20
Let r(o) = -o**3 + 7*o**2 - 2*o. Calculate r(7).
-14
Let z(y) = 17*y**2 + 22*y + 23. Give z(-1).
18
Let g(i) = i + 11. Calculate g(-4).
7
Let f(z) = -z**2 - 10*z - 16. Give f(-6).
8
Let z(o) = o**2 - 12*o - 7. Give z(10).
-27
Let r(k) = k**3 + 4*k**2 + 2*k + 1. Calculate r(-4).
-7
Let b(r) = -5*r - 47. What is b(-4)?
-27
Let f(q) = -7*q**2 - 12*q + 20. Determine f(2).
-32
Let r(d) = -2*d + 16. Determine r(-5).
26
Let k(x) = x**3 + 9*x**2 - 9*x - 10. Give k(-10).
-20
Let n(b) = -b**3 + 3*b**2 + 17*b - 13. Determine n(6).
-19
Let j(q) = -q**3 - 16*q**2 - 15*q + 14. What is j(-15)?
14
Let m(y) = -y**3 - 4*y**2 + 12*y + 6. Calculate m(-6).
6
Let k(u) = -u**3 + 12*u**2 - 1. What is k(12)?
-1
Let o(h) = 2*h + 23. Give o(-19).
-15
Let f(y) = y**3 + 2*y + 3. Determine f(2).
15
Let m(g) = 3*g**2 + 5*g + 16. Calculate m(7).
198
Let l(z) = -z**2 - 3. What is l(5)?
-28
Let c(m) = m**3 + 46*m**2 - 3*m - 131. Determine c(-46).
7
Let c(r) = 5*r - 18. What is c(4)?
2
Let s(q) = q**3 + q**2 - 3*q - 2. Determine s(-2).
0
Let j(l) = l**2 + 9*l + 4. What is j(-9)?
4
Let k(m) = -2*m**3 - 3*m**2 + 1. What is k(2)?
-27
Let b(w) = -10*w + 152. Calculate b(11).
42
Let v(p) = -p**3 - 3*p**2 - p + 32. Determine v(-4).
52
Let l(k) = 6*k - 25. Give l(-12).
-97
Let i(c) = -8*c + 4. What is i(-1)?
12
Let i(l) = 14*l + 2. Determine i(2).
30
Let k(m) = 16*m. What is k(-4)?
-64
Let k(a) = a**2 - 15*a + 17. Give k(10).
-33
Let g(q) = 5*q**2 + 27*q + 6. Determine g(-5).
-4
Let w(n) = -n**3 + 14*n**2 + 9*n - 41. Give w(15).
-131
Let k(n) = -3*n**2 + 3*n + 4. Calculate k(2).
-2
Let o(h) = h**3 + 19*h**2 - 18*h + 49. Calculate o(-20).
9
Let c(u) = -2*u**3 - 7*u**2 - 5*u + 1. Calculate c(-4).
37
Let d(h) = 56*h**2 - h + 1. What is d(1)?
56
Let a(f) = f**3 - 10*f**2 + 17*f - 64. Calculate a(9).
8
Let y(w) = w**3 - 10*w**2 - w + 3. What is y(10)?
-7
Let d(p) = -56*p**3 - 2*p - 1. Determine d(-1).
57
Let u(k) = 28*k**2 - k. Calculate u(-1).
29
Let u(q) = -5*q - 35. Determine u(-7).
0
Let h(p) = p**2 - 9*p - 3. Give h(8).
-11
Let n(h) = h + 22. Determine n(-5).
17
Let g(c) = -c**2 - 34*c - 21. Determine g(0).
-21
Let s(t) = -3*t + 13. Calculate s(-8).
37
Let a(p) = 5*p**2 - 16*p + 26. Give a(4).
42
Let x(r) = -20*r + 224. Calculate x(10).
24
Let o(m) = m**3 + 17*m**2 - 85*m - 22. Determine o(-21).
-1
Let b(t) = t**3 + 5*t**2 + 41. Calculate b(-6).
5
Let q(b) = -b**2 + 3*b + 4. Calculate q(5).
-6
Let t(b) = b**3 + 34*b**2 + 39*b + 80. Give t(-33).
-118
Let y(b) = b**3 + 9*b**2 - 4*b - 28. Determine y(-9).
8
Let t(m) = -m**2 + 16*m + 72. Determine t(17).
55
Let c(v) = 70*v + 840. What is c(-12)?
0
Let f(c) = 7*c + 48. What is f(-7)?
-1
Let q(p) = p**3 - 6*p**2 + 5*p + 3. Determine q(5).
3
Let l(q) = -2*q**2 + 20*q - 7. What is l(10)?
-7
Let g(x) = -x**3 - 4*x**2 + 12*x - 4. Determine g(-6).
-4
Let o(x) = 2*x**2 - 7*x - 31. Calculate o(8).
41
Let l(c) = -11*c + 2. Calculate l(1).
-9
Let k(p) = -8*p + 123. Give k(15).
3
Let k(m) = 2*m - 6. Determine k(-14).
-34
Let h(s) = 4*s**2 - 4*s + 3. Calculate h(2).
11
Let h(t) = -15*t**3 - t**2. What is h(-1)?
14
Let p(c) = c**3 + 16*c**2 - c + 11. What is p(-16)?
27
Let s(t) = t + 13. What is s(-18)?
-5
Let s(w) = -w**2 + 9*w - 27. Calculate s(13).
-79
Let w(s) = s**2 - 3*s + 5. Give w(4).
9
Let s(n) = 2*n**2 + 9*n + 22. Determine s(-4).
18
Let m(d) = 2*d**2 + 15*d - 9. Determine m(-8).
-1
Let o(g) = g**2 - 9*g + 3. Calculate o(8).
-5
Let r(b) = b**3 - 8*b**2 - 9*b + 7. Calculate r(9).
7
Let a(w) = -3*w - 41. Determine a(-12).
-5
Let v(d) = -d + 14. What is v(9)?
5
Let t(b) = b**3 - 6*b**2 + 2*b - 2. What is t(6)?
10
Let m(l) = -3*l**2 + 7*l - 11. Determine m(0).
-11
Let a(g) = -2*g - 29. Give a(-12).
-5
Let i(t) = 2*t**2 - 6*t + 7. Calculate i(-9).
223
Let q(r) = r**2 + 19*r + 73. Calculate q(-13).
-5
Let u(l) = -l + 1. What is u(3)?
-2
Let b(s) = 6*s**3 - 4*s**2 + 3*s - 1. What is b(1)?
4
Let h(a) = -a**3 + 7*a**2 - 4*a - 15. Give h(5).
15
Let u(w) = -2*w**2 + 15*w - 10. Determine u(7).
-3
Let x(u) = -u**2 + 35*u + 265. What is x(-6)?
19
Let h(g) = g**2 + 6*g - 11. What is h(-8)?
5
Let y(i) = -i**3 - 12*i**2 - 13*i + 13. Determine y(-11).
35
Let b(s) = -s - 8. Determine b(-6).
-2
Let y(w) = -w**3 - 3*w**2 - 24*w - 115. Determine y(-4).
-3
Let d(v) = 10*v**3 - v**2 - v + 1. Calculate d(1).
9
Let d(h) = -h. Determine d(-4).
4
Let v(l) = 16*l + 2. Determine v(1).
18
Let y(f) = -f**3 + 9*f**2 + 3*f - 10. Calculate y(9).
17
Let f(u) = 7*u**3 + 3*u**2 + u + 2. Give f(-2).
-44
Let p(f) = f**3 - 5*f**2 - 19*f + 47. Calculate p(7).
12
Let d(j) = -j**2 + 13*j + 33. Calculate d(15).
3
Let r(m) = -m**2 - 8*m + 1. Calculate r(-6).
13
Let v(r) = -194*r + 774. Determine v(4).
-2
Let c(o) = -3*o**3 - 2*o + 2. Determine c(1).
-3
Let b(p) = p**3 - 5*p**2 - p - 12. Calculate b(5).
-17
Let i(a) = -a**2 - 6*a + 25. What is i(-7)?
18
Let x(s) = 4*s**2 - 4*s + 6. Calculate x(-4).
86
Let r(k) = 27*k - 205. Calculate r(6).
-43
Let j(m) = -15*m + 155. Determine j(11).
-10
Let w(i) = -i**3 + i**2 + 3*i - 4. Calculate w(-3).
23
Let a(o) = -4*o**2 + o + 7. Calculate a(3).
-26
Let f(n) = n**2 + 11*n + 21. Calculate f(-7).
-7
Let n(g) = g**3 - 31*g**2 - 34*g - 6. Calculate n(32).
-70
Let n(z) = 2*z**3 + 9*z - 11. Determine n(0).
-11
Let k(x) = -x**2 + 7*x + 2. Give k(8).
-6
Let s(y) = y**3 + 8*y**2 - 9*y + 5. Give s(-9).
5
Let k(b) = -b**3 + 10*b**2 - 12*b + 18. Determine k(6).
90
Let t(p) = -8*p. Calculate t(2).
-16
Let r(v) = -v**3 - 8*v**2 - 7*v - 6. What is r(-5)?
-46
Let b(v) = 3*v + 20. Determine b(-15).
-25
Let b(d) = 3*d**2 - d - 1. Determine b(-2).
13
Let c(q) = 3*q + 7. Determine c(0).
7
Let b(j) = -27*j**3 - j**2 + j + 1. Give b(-1).
26
Let b(v) = 5*v - 1. Determine b(4).
19
Let p(j) = 11*j + 48. Calculate p(-4).
4
Let d(n) = n - 9. Determine d(10).
1
Let j(v) = -7*v**3 - 126*v**2 - 3*v - 61. Determine j(-18).
-7
Let f(m) = m + 1. Calculate f(1).
2
Let v(d) = 4*d + 12. Calculate v(7).
40
Let t(g) = -g**3 - 43*g**2 - 82*g + 21. Give t(-41).
21
Let s(b) = -2*b - 18. Determine s(-12).
6
Let g(d) = d**3 + 4*d**2 + 2*d + 3. What is g(-4)?
-5
Let s(a) = a**3 - 2*a**2 - a + 3. Calculate 